{"id":42537,"date":"2020-08-15T15:32:05","date_gmt":"2020-08-15T13:32:05","guid":{"rendered":"https:\/\/www.akuadapter.eu\/produkt\/akuadapter-berner-bbp-wurth-li-cv\/"},"modified":"2025-11-12T20:03:46","modified_gmt":"2025-11-12T19:03:46","slug":"akkuadapter-berner-bbp-wurth-li-cv","status":"publish","type":"product","link":"https:\/\/www.akuadapter.eu\/de\/produkt\/akkuadapter-berner-bbp-wurth-li-cv\/","title":{"rendered":"Akku Adapter  BERNER BBP \/ WURTH LI-CV"},"content":{"rendered":"<p><span style=\"font-family: arial, helvetica, sans-serif; color: #000000; font-size: 14pt;\">AkkuAdapter BERNER BBP \/ W\u00dcRTH LI-CV erweitert die Einsatzm\u00f6glichkeiten von Akkus BERNER BBP 18V * um die Verwendung in W\u00dcRTH LI-CV 18V ** Ger\u00e4ten<\/span><\/p>\n<p><span style=\"font-family: arial, helvetica, sans-serif; font-size: 14pt; color: #000000;\"><strong>Adapter ist nicht geeignet zum Laden von Akkus\u00a0<\/strong><\/span><\/p>\n<p><span style=\"font-family: arial, helvetica, sans-serif; font-size: 14pt; color: #000000;\">Abmessungen: 110x70x50 mm<\/span><\/p>\n<p><span style=\"color: #000000;\"><span style=\"font-family: arial, helvetica, sans-serif; font-size: 14pt;\">Gewicht: 120 g<\/span><\/span><\/p>\n<p>&nbsp;<\/p>\n<p><span style=\"font-family: arial, helvetica, sans-serif; color: #000000; font-size: 12pt;\">* BERNER BBP 18V LI-ION 241914 241915 340661<\/span><\/p>\n<p><span style=\"font-family: arial, helvetica, sans-serif; color: #000000; font-size: 12pt;\">** W\u00dcRTH LI-CV 18V EWS-18A H18-MA H18-A BS18-A WIT-EA WIT-VM WIT-PE STP18-A SBS18-A HKS18-A EMS18-A\u00a0<\/span><\/p>\n<p><span style=\"color: #ffffff;\">( 0700916534 0700916532 0700916535 )<\/span><\/p>\n","protected":false},"excerpt":{"rendered":"<p><span style=\"font-family: arial, helvetica, sans-serif; color: #000000; font-size: 14pt;\">Akku Adapt\u00e9r BERNER \/ W\u00dcRTH \u00a0erm\u00f6glicht die Verwendung von 18V BERNER BBP Akkus in W\u00dcRTH LI-CV 18V Ger\u00e4ten<\/span><\/p>\n<p>&nbsp;<\/p>\n","protected":false},"featured_media":42538,"template":"","meta":[],"product_cat":[222],"product_tag":[261,256],"class_list":["post-42537","product","type-product","status-publish","has-post-thumbnail","hentry","product_cat-prislusenstvo-pre-aku-naradie-de","product_tag-berner-de","product_tag-wurth-de"],"_links":{"self":[{"href":"https:\/\/www.akuadapter.eu\/de\/wp-json\/wp\/v2\/product\/42537","targetHints":{"allow":["GET"]}}],"collection":[{"href":"https:\/\/www.akuadapter.eu\/de\/wp-json\/wp\/v2\/product"}],"about":[{"href":"https:\/\/www.akuadapter.eu\/de\/wp-json\/wp\/v2\/types\/product"}],"wp:featuredmedia":[{"embeddable":true,"href":"https:\/\/www.akuadapter.eu\/de\/wp-json\/wp\/v2\/media\/42538"}],"wp:attachment":[{"href":"https:\/\/www.akuadapter.eu\/de\/wp-json\/wp\/v2\/media?parent=42537"}],"wp:term":[{"taxonomy":"product_cat","embeddable":true,"href":"https:\/\/www.akuadapter.eu\/de\/wp-json\/wp\/v2\/product_cat?post=42537"},{"taxonomy":"product_tag","embeddable":true,"href":"https:\/\/www.akuadapter.eu\/de\/wp-json\/wp\/v2\/product_tag?post=42537"}],"curies":[{"name":"wp","href":"https:\/\/api.w.org\/{rel}","templated":true}]}}

<p><span style="font-family: arial, helvetica, sans-serif; color: #000000; font-size: 14pt;">AkkuAdapter BERNER BBP / WÜRTH LI-CV erweitert die Einsatzmöglichkeiten von Akkus BERNER BBP 18V * um die Verwendung in WÜRTH LI-CV 18V ** Geräten</span></p>
<p><span style="font-family: arial, helvetica, sans-serif; font-size: 14pt; color: #000000;"><strong>Adapter ist nicht geeignet zum Laden von Akkus </strong></span></p>
<p><span style="font-family: arial, helvetica, sans-serif; font-size: 14pt; color: #000000;">Abmessungen: 110x70x50 mm</span></p>
<p><span style="color: #000000;"><span style="font-family: arial, helvetica, sans-serif; font-size: 14pt;">Gewicht: 120 g</span></span></p>
<p>&nbsp;</p>
<p><span style="font-family: arial, helvetica, sans-serif; color: #000000; font-size: 12pt;">* BERNER BBP 18V LI-ION 241914 241915 340661</span></p>
<p><span style="font-family: arial, helvetica, sans-serif; color: #000000; font-size: 12pt;">** WÜRTH LI-CV 18V EWS-18A H18-MA H18-A BS18-A WIT-EA WIT-VM WIT-PE STP18-A SBS18-A HKS18-A EMS18-A </span></p>
<p><span style="color: #ffffff;">( 0700916534 0700916532 0700916535 )</span></p>

<p><span style="font-family: arial, helvetica, sans-serif; color: #000000; font-size: 14pt;">Akku Adaptér BERNER / WÜRTH  ermöglicht die Verwendung von 18V BERNER BBP Akkus in WÜRTH LI-CV 18V Geräten</span></p>
<p>&nbsp;</p>
